{"id":260,"date":"2026-04-05T06:54:07","date_gmt":"2026-04-05T06:54:07","guid":{"rendered":"https:\/\/gocsach.azdigi.shop\/?post_type=product&#038;p=260"},"modified":"2026-04-17T14:17:11","modified_gmt":"2026-04-17T14:17:11","slug":"beartown-thi-tran-nho-giac-mo-lon","status":"publish","type":"product","link":"https:\/\/gocsach.azdigi.shop\/?product=beartown-thi-tran-nho-giac-mo-lon","title":{"rendered":"Beartown &#8211; Th\u1ecb Tr\u1ea5n Nh\u1ecf, Gi\u1ea5c M\u01a1 L\u1edbn"},"content":{"rendered":"<h1 data-path-to-node=\"13\"><b data-path-to-node=\"13\" data-index-in-node=\"0\">Gi\u1edbi thi\u1ec7u ti\u1ec3u thuy\u1ebft Beartown Th\u1ecb Tr\u1ea5n Nh\u1ecf Gi\u1ea5c M\u01a1 L\u1edbn<\/b><\/h1>\n<p data-path-to-node=\"14\">T\u1eeb t\u00e1c gi\u1ea3 c\u1ee7a cu\u1ed1n s\u00e1ch b\u00e1n ch\u1ea1y to\u00e0n c\u1ea7u &#8220;Ng\u01b0\u1eddi \u0111\u00e0n \u00f4ng mang t\u00ean Ove&#8221;, Fredrik Backman ti\u1ebfp t\u1ee5c chinh ph\u1ee5c \u0111\u1ed9c gi\u1ea3 b\u1eb1ng t\u00e1c ph\u1ea9m <b data-path-to-node=\"14\" data-index-in-node=\"131\">Beartown Th\u1ecb Tr\u1ea5n Nh\u1ecf Gi\u1ea5c M\u01a1 L\u1edbn<\/b>. \u0110\u00e2y l\u00e0 m\u1ed9t cu\u1ed1n ti\u1ec3u thuy\u1ebft s\u00e2u s\u1eafc, quy\u1ebfn r\u0169 v\u1ec1 m\u1ed9t th\u1ecb tr\u1ea5n nh\u1ecf mang gi\u1ea5c m\u01a1 l\u1edbn \u2014 v\u00e0 c\u00e1i gi\u00e1 \u0111\u1eaft \u0111\u1ecf ph\u1ea3i tr\u1ea3 \u0111\u1ec3 bi\u1ebfn gi\u1ea5c m\u01a1 \u0111\u00f3 th\u00e0nh hi\u1ec7n th\u1ef1c.<\/p>\n<h2 data-path-to-node=\"15\"><b data-path-to-node=\"15\" data-index-in-node=\"0\">C\u1ed1t truy\u1ec7n \u0111\u1ea7y k\u1ecbch t\u00ednh t\u1ea1i th\u1ecb tr\u1ea5n Beartown<\/b><\/h2>\n<p data-path-to-node=\"16\">Ai c\u0169ng n\u00f3i <b data-path-to-node=\"16\" data-index-in-node=\"12\">Beartown Th\u1ecb Tr\u1ea5n Nh\u1ecf Gi\u1ea5c M\u01a1 L\u1edbn<\/b> v\u1eady l\u00e0 xong r\u1ed3i. Gi\u1eefa m\u1ed9t c\u1ed9ng \u0111\u1ed3ng nh\u1ecf n\u00e9p m\u00ecnh s\u00e2u trong r\u1eebng, ng\u00e0y c\u00e0ng thu h\u1eb9p l\u1ea1i khi c\u00e2y c\u1ed1i x\u00e2m l\u1ea5n, ni\u1ec1m hy v\u1ecdng duy nh\u1ea5t c\u1ee7a h\u1ecd \u0111\u1eb7t v\u00e0o \u0111\u1ed9i kh\u00fac c\u00f4n c\u1ea7u tr\u00ean b\u0103ng. \u0110\u1ed9i b\u00f3ng tr\u1ebb c\u1ee7a h\u1ecd s\u1eafp thi \u0111\u1ea5u \u1edf v\u00f2ng b\u00e1n k\u1ebft qu\u1ed1c gia, mang theo \u01b0\u1edbc m\u01a1 c\u1ee7a c\u1ea3 m\u1ed9t v\u00f9ng \u0111\u1ea5t l\u00ean vai nh\u1eefng c\u1eadu trai tu\u1ed5i teen.<\/p>\n<p data-path-to-node=\"17\">Tuy nhi\u00ean, ch\u00ednh s\u1ef1 k\u1ef3 v\u1ecdng qu\u00e1 l\u1edbn \u0111\u00f3 \u0111\u00e3 t\u1ea1o th\u00e0nh m\u1ed9t g\u00e1nh n\u1eb7ng kh\u1ed5ng l\u1ed3. M\u1ed9t h\u00e0nh \u0111\u1ed9ng b\u1ea1o l\u1ef1c b\u00f9ng ph\u00e1t \u0111\u00e3 khi\u1ebfn c\u1ea3 th\u1ecb tr\u1ea5n ch\u00ecm trong h\u1ed7n lo\u1ea1n v\u00e0 nh\u1eefng b\u00ed m\u1eadt b\u1eaft \u0111\u1ea7u b\u1ecb x\u00e9 c\u00e1t.<\/p>\n<h2 data-path-to-node=\"18\"><b data-path-to-node=\"18\" data-index-in-node=\"0\">T\u1ea1i sao b\u1ea1n n\u00ean \u0111\u1ecdc Beartown Th\u1ecb Tr\u1ea5n Nh\u1ecf Gi\u1ea5c M\u01a1 L\u1edbn?<\/b><\/h2>\n<p data-path-to-node=\"19\">Cu\u1ed1n s\u00e1ch <b data-path-to-node=\"19\" data-index-in-node=\"10\">Beartown Th\u1ecb Tr\u1ea5n Nh\u1ecf Gi\u1ea5c M\u01a1 L\u1edbn<\/b> kh\u00f4ng ch\u1ec9 \u0111\u01a1n thu\u1ea7n l\u00e0 c\u00e2u chuy\u1ec7n v\u1ec1 th\u1ec3 thao, m\u00e0 c\u00f2n l\u00e0 b\u1ea3n nh\u1ea1c v\u1ec1 nh\u00e2n t\u00ednh:<\/p>\n<ul data-path-to-node=\"20\">\n<li>\n<p data-path-to-node=\"20,0,0\"><b data-path-to-node=\"20,0,0\" data-index-in-node=\"0\">S\u1ef1 can \u0111\u1ea3m:<\/b> Nh\u1eefng ng\u01b0\u1eddi d\u00e1m l\u00e0m \u0111i\u1ec1u kh\u00e1c bi\u1ec7t gi\u1eefa m\u1ed9t c\u1ed9ng \u0111\u1ed3ng \u0111ang ph\u00e1n x\u00e9t.<\/p>\n<\/li>\n<li>\n<p data-path-to-node=\"20,1,0\"><b data-path-to-node=\"20,1,0\" data-index-in-node=\"0\">B\u00ed m\u1eadt v\u00e0 l\u00f2ng tin:<\/b> Nh\u1eefng g\u00f3c khu\u1ea5t c\u1ee7a con ng\u01b0\u1eddi \u0111\u01b0\u1ee3c ph\u01a1i b\u00e0y m\u1ed9t c\u00e1ch tr\u1ea7n tr\u1ee5i nh\u01b0ng \u0111\u1ea7y th\u1ea5u c\u1ea3m.<\/p>\n<\/li>\n<li>\n<p data-path-to-node=\"20,2,0\"><b data-path-to-node=\"20,2,0\" data-index-in-node=\"0\">V\u0103n phong Fredrik Backman:<\/b> C\u00e1ch k\u1ec3 chuy\u1ec7n cu\u1ed1n h\u00fat, r\u1ee7 r\u00ea ng\u01b0\u1eddi \u0111\u1ecdc \u0111i s\u00e2u v\u00e0o th\u1ebf gi\u1edbi n\u1ed9i t\u00e2m nh\u00e2n v\u1eadt.<\/p>\n<\/li>\n<\/ul>\n<h2 data-path-to-node=\"21\"><b data-path-to-node=\"21\" data-index-in-node=\"0\">Th\u00f4ng tin chi ti\u1ebft v\u1ec1 s\u1ea3n ph\u1ea9m<\/b><\/h2>\n<ul data-path-to-node=\"22\">\n<li>\n<p data-path-to-node=\"22,0,0\"><b data-path-to-node=\"22,0,0\" data-index-in-node=\"0\">S\u1ed1 trang:<\/b> 604 trang.<\/p>\n<\/li>\n<li>\n<p data-path-to-node=\"22,1,0\"><b data-path-to-node=\"22,1,0\" data-index-in-node=\"0\">H\u00ecnh th\u1ee9c:<\/b> B\u00eca m\u1ec1m sang tr\u1ecdng.<\/p>\n<\/li>\n<li>\n<p data-path-to-node=\"22,2,0\"><b data-path-to-node=\"22,2,0\" data-index-in-node=\"0\">K\u00edch th\u01b0\u1edbc:<\/b> 20 x 13 x 2 cm.<\/p>\n<\/li>\n<\/ul>\n<p data-path-to-node=\"23\">S\u1edf h\u1eefu ngay t\u00e1c ph\u1ea9m <b data-path-to-node=\"23\" data-index-in-node=\"21\">Beartown Th\u1ecb Tr\u1ea5n Nh\u1ecf Gi\u1ea5c M\u01a1 L\u1edbn<\/b> t\u1ea1i c\u1eeda h\u00e0ng <b data-path-to-node=\"23\" data-index-in-node=\"68\">G\u00f3c S\u00e1ch<\/b> \u0111\u1ec3 c\u00f9ng tr\u1ea3i nghi\u1ec7m h\u00e0nh tr\u00ecnh \u0111\u1ea7y c\u1ea3m x\u00fac n\u00e0y.<\/p>\n","protected":false},"excerpt":{"rendered":"<p>Beartown &#8211; Th\u1ecb Tr\u1ea5n Nh\u1ecf, Gi\u1ea5c M\u01a1 L\u1edbn (604 trang) l\u00e0 ti\u1ec3u thuy\u1ebft t\u00e2m l\u00fd ch\u1ea5n \u0111\u1ed9ng c\u1ee7a Fredrik Backman, kh\u1eafc h\u1ecda s\u00e2u s\u1eafc nh\u1eefng b\u00ed m\u1eadt \u0111en t\u1ed1i, l\u00f2ng can \u0111\u1ea3m v\u00e0 hy v\u1ecdng c\u1ee7a m\u1ed9t c\u1ed9ng \u0111\u1ed3ng nh\u1ecf n\u01a1i kh\u00fac c\u00f4n c\u1ea7u l\u00e0 t\u1ea5t c\u1ea3. \u0110\u00e2y l\u00e0 h\u00e0nh tr\u00ecnh kh\u00e1m ph\u00e1 gi\u00e1 tr\u1ecb c\u1ed9ng \u0111\u1ed3ng v\u00e0 c\u00e1i gi\u00e1 c\u1ee7a gi\u1ea5c m\u01a1, d\u00e0nh cho nh\u1eefng ai y\u00eau th\u00edch v\u0103n h\u1ecdc s\u00e2u s\u1eafc.<\/p>\n","protected":false},"featured_media":267,"comment_status":"open","ping_status":"closed","template":"","meta":[],"product_brand":[],"product_cat":[32,31,18],"product_tag":[],"class_list":{"0":"post-260","1":"product","2":"type-product","3":"status-publish","4":"has-post-thumbnail","6":"product_cat-sach-moi","7":"product_cat-sale-off","8":"product_cat-van-hoc","10":"first","11":"instock","12":"sale","13":"shipping-taxable","14":"purchasable","15":"product-type-variable"},"yoast_head":"<!-- This site is optimized with the Yoast SEO plugin v26.9 - https:\/\/yoast.com\/product\/yoast-seo-wordpress\/ -->\n<title>Beartown Th\u1ecb Tr\u1ea5n Nh\u1ecf Gi\u1ea5c M\u01a1 L\u1edbn - Review S\u00e1ch | G\u00f3c S\u00e1ch<\/title>\n<meta name=\"description\" content=\"\u0110\u1ecdc ngay cu\u1ed1n s\u00e1ch Beartown Th\u1ecb Tr\u1ea5n Nh\u1ecf Gi\u1ea5c M\u01a1 L\u1edbn c\u1ee7a Fredrik Backman. M\u1ed9t c\u00e2u chuy\u1ec7n s\u00e2u s\u1eafc v\u1ec1 hy v\u1ecdng, b\u00ed m\u1eadt v\u00e0 l\u00f2ng can \u0111\u1ea3m t\u1ea1i th\u1ecb tr\u1ea5n Beartown.\" \/>\n<meta name=\"robots\" content=\"index, follow, max-snippet:-1, max-image-preview:large, max-video-preview:-1\" \/>\n<link rel=\"canonical\" href=\"https:\/\/gocsach.azdigi.shop\/?product=beartown-thi-tran-nho-giac-mo-lon\" \/>\n<meta property=\"og:locale\" content=\"vi_VN\" \/>\n<meta property=\"og:type\" content=\"article\" \/>\n<meta property=\"og:title\" content=\"Beartown Th\u1ecb Tr\u1ea5n Nh\u1ecf Gi\u1ea5c M\u01a1 L\u1edbn - Review S\u00e1ch | G\u00f3c S\u00e1ch\" \/>\n<meta property=\"og:description\" content=\"\u0110\u1ecdc ngay cu\u1ed1n s\u00e1ch Beartown Th\u1ecb Tr\u1ea5n Nh\u1ecf Gi\u1ea5c M\u01a1 L\u1edbn c\u1ee7a Fredrik Backman. M\u1ed9t c\u00e2u chuy\u1ec7n s\u00e2u s\u1eafc v\u1ec1 hy v\u1ecdng, b\u00ed m\u1eadt v\u00e0 l\u00f2ng can \u0111\u1ea3m t\u1ea1i th\u1ecb tr\u1ea5n Beartown.\" \/>\n<meta property=\"og:url\" content=\"https:\/\/gocsach.azdigi.shop\/?product=beartown-thi-tran-nho-giac-mo-lon\" \/>\n<meta property=\"og:site_name\" content=\"G\u00f3c s\u00e1ch\" \/>\n<meta property=\"article:modified_time\" content=\"2026-04-17T14:17:11+00:00\" \/>\n<meta property=\"og:image\" content=\"https:\/\/gocsach.azdigi.shop\/wp-content\/uploads\/2026\/04\/115-1.webp\" \/>\n\t<meta property=\"og:image:width\" content=\"600\" \/>\n\t<meta property=\"og:image:height\" content=\"600\" \/>\n\t<meta property=\"og:image:type\" content=\"image\/webp\" \/>\n<meta name=\"twitter:card\" content=\"summary_large_image\" \/>\n<meta name=\"twitter:label1\" content=\"\u01af\u1edbc t\u00ednh th\u1eddi gian \u0111\u1ecdc\" \/>\n\t<meta name=\"twitter:data1\" content=\"3 ph\u00fat\" \/>\n<script type=\"application\/ld+json\" class=\"yoast-schema-graph\">{\"@context\":\"https:\/\/schema.org\",\"@graph\":[{\"@type\":\"WebPage\",\"@id\":\"https:\/\/gocsach.azdigi.shop\/?product=beartown-thi-tran-nho-giac-mo-lon\",\"url\":\"https:\/\/gocsach.azdigi.shop\/?product=beartown-thi-tran-nho-giac-mo-lon\",\"name\":\"Beartown Th\u1ecb Tr\u1ea5n Nh\u1ecf Gi\u1ea5c M\u01a1 L\u1edbn - Review S\u00e1ch | G\u00f3c S\u00e1ch\",\"isPartOf\":{\"@id\":\"https:\/\/gocsach.azdigi.shop\/#website\"},\"primaryImageOfPage\":{\"@id\":\"https:\/\/gocsach.azdigi.shop\/?product=beartown-thi-tran-nho-giac-mo-lon#primaryimage\"},\"image\":{\"@id\":\"https:\/\/gocsach.azdigi.shop\/?product=beartown-thi-tran-nho-giac-mo-lon#primaryimage\"},\"thumbnailUrl\":\"https:\/\/gocsach.azdigi.shop\/wp-content\/uploads\/2026\/04\/115-1.webp\",\"datePublished\":\"2026-04-05T06:54:07+00:00\",\"dateModified\":\"2026-04-17T14:17:11+00:00\",\"description\":\"\u0110\u1ecdc ngay cu\u1ed1n s\u00e1ch Beartown Th\u1ecb Tr\u1ea5n Nh\u1ecf Gi\u1ea5c M\u01a1 L\u1edbn c\u1ee7a Fredrik Backman. M\u1ed9t c\u00e2u chuy\u1ec7n s\u00e2u s\u1eafc v\u1ec1 hy v\u1ecdng, b\u00ed m\u1eadt v\u00e0 l\u00f2ng can \u0111\u1ea3m t\u1ea1i th\u1ecb tr\u1ea5n Beartown.\",\"breadcrumb\":{\"@id\":\"https:\/\/gocsach.azdigi.shop\/?product=beartown-thi-tran-nho-giac-mo-lon#breadcrumb\"},\"inLanguage\":\"vi\",\"potentialAction\":[{\"@type\":\"ReadAction\",\"target\":[\"https:\/\/gocsach.azdigi.shop\/?product=beartown-thi-tran-nho-giac-mo-lon\"]}]},{\"@type\":\"ImageObject\",\"inLanguage\":\"vi\",\"@id\":\"https:\/\/gocsach.azdigi.shop\/?product=beartown-thi-tran-nho-giac-mo-lon#primaryimage\",\"url\":\"https:\/\/gocsach.azdigi.shop\/wp-content\/uploads\/2026\/04\/115-1.webp\",\"contentUrl\":\"https:\/\/gocsach.azdigi.shop\/wp-content\/uploads\/2026\/04\/115-1.webp\",\"width\":600,\"height\":600},{\"@type\":\"BreadcrumbList\",\"@id\":\"https:\/\/gocsach.azdigi.shop\/?product=beartown-thi-tran-nho-giac-mo-lon#breadcrumb\",\"itemListElement\":[{\"@type\":\"ListItem\",\"position\":1,\"name\":\"Trang ch\u1ee7\",\"item\":\"https:\/\/gocsach.azdigi.shop\/\"},{\"@type\":\"ListItem\",\"position\":2,\"name\":\"C\u1eeda h\u00e0ng\",\"item\":\"https:\/\/gocsach.azdigi.shop\/?page_id=146\"},{\"@type\":\"ListItem\",\"position\":3,\"name\":\"Beartown &#8211; Th\u1ecb Tr\u1ea5n Nh\u1ecf, Gi\u1ea5c M\u01a1 L\u1edbn\"}]},{\"@type\":\"WebSite\",\"@id\":\"https:\/\/gocsach.azdigi.shop\/#website\",\"url\":\"https:\/\/gocsach.azdigi.shop\/\",\"name\":\"G\u00f3c s\u00e1ch\",\"description\":\"\",\"potentialAction\":[{\"@type\":\"SearchAction\",\"target\":{\"@type\":\"EntryPoint\",\"urlTemplate\":\"https:\/\/gocsach.azdigi.shop\/?s={search_term_string}\"},\"query-input\":{\"@type\":\"PropertyValueSpecification\",\"valueRequired\":true,\"valueName\":\"search_term_string\"}}],\"inLanguage\":\"vi\"}]}<\/script>\n<!-- \/ Yoast SEO plugin. -->","yoast_head_json":{"title":"Beartown Th\u1ecb Tr\u1ea5n Nh\u1ecf Gi\u1ea5c M\u01a1 L\u1edbn - Review S\u00e1ch | G\u00f3c S\u00e1ch","description":"\u0110\u1ecdc ngay cu\u1ed1n s\u00e1ch Beartown Th\u1ecb Tr\u1ea5n Nh\u1ecf Gi\u1ea5c M\u01a1 L\u1edbn c\u1ee7a Fredrik Backman. M\u1ed9t c\u00e2u chuy\u1ec7n s\u00e2u s\u1eafc v\u1ec1 hy v\u1ecdng, b\u00ed m\u1eadt v\u00e0 l\u00f2ng can \u0111\u1ea3m t\u1ea1i th\u1ecb tr\u1ea5n Beartown.","robots":{"index":"index","follow":"follow","max-snippet":"max-snippet:-1","max-image-preview":"max-image-preview:large","max-video-preview":"max-video-preview:-1"},"canonical":"https:\/\/gocsach.azdigi.shop\/?product=beartown-thi-tran-nho-giac-mo-lon","og_locale":"vi_VN","og_type":"article","og_title":"Beartown Th\u1ecb Tr\u1ea5n Nh\u1ecf Gi\u1ea5c M\u01a1 L\u1edbn - Review S\u00e1ch | G\u00f3c S\u00e1ch","og_description":"\u0110\u1ecdc ngay cu\u1ed1n s\u00e1ch Beartown Th\u1ecb Tr\u1ea5n Nh\u1ecf Gi\u1ea5c M\u01a1 L\u1edbn c\u1ee7a Fredrik Backman. M\u1ed9t c\u00e2u chuy\u1ec7n s\u00e2u s\u1eafc v\u1ec1 hy v\u1ecdng, b\u00ed m\u1eadt v\u00e0 l\u00f2ng can \u0111\u1ea3m t\u1ea1i th\u1ecb tr\u1ea5n Beartown.","og_url":"https:\/\/gocsach.azdigi.shop\/?product=beartown-thi-tran-nho-giac-mo-lon","og_site_name":"G\u00f3c s\u00e1ch","article_modified_time":"2026-04-17T14:17:11+00:00","og_image":[{"width":600,"height":600,"url":"https:\/\/gocsach.azdigi.shop\/wp-content\/uploads\/2026\/04\/115-1.webp","type":"image\/webp"}],"twitter_card":"summary_large_image","twitter_misc":{"\u01af\u1edbc t\u00ednh th\u1eddi gian \u0111\u1ecdc":"3 ph\u00fat"},"schema":{"@context":"https:\/\/schema.org","@graph":[{"@type":"WebPage","@id":"https:\/\/gocsach.azdigi.shop\/?product=beartown-thi-tran-nho-giac-mo-lon","url":"https:\/\/gocsach.azdigi.shop\/?product=beartown-thi-tran-nho-giac-mo-lon","name":"Beartown Th\u1ecb Tr\u1ea5n Nh\u1ecf Gi\u1ea5c M\u01a1 L\u1edbn - Review S\u00e1ch | G\u00f3c S\u00e1ch","isPartOf":{"@id":"https:\/\/gocsach.azdigi.shop\/#website"},"primaryImageOfPage":{"@id":"https:\/\/gocsach.azdigi.shop\/?product=beartown-thi-tran-nho-giac-mo-lon#primaryimage"},"image":{"@id":"https:\/\/gocsach.azdigi.shop\/?product=beartown-thi-tran-nho-giac-mo-lon#primaryimage"},"thumbnailUrl":"https:\/\/gocsach.azdigi.shop\/wp-content\/uploads\/2026\/04\/115-1.webp","datePublished":"2026-04-05T06:54:07+00:00","dateModified":"2026-04-17T14:17:11+00:00","description":"\u0110\u1ecdc ngay cu\u1ed1n s\u00e1ch Beartown Th\u1ecb Tr\u1ea5n Nh\u1ecf Gi\u1ea5c M\u01a1 L\u1edbn c\u1ee7a Fredrik Backman. M\u1ed9t c\u00e2u chuy\u1ec7n s\u00e2u s\u1eafc v\u1ec1 hy v\u1ecdng, b\u00ed m\u1eadt v\u00e0 l\u00f2ng can \u0111\u1ea3m t\u1ea1i th\u1ecb tr\u1ea5n Beartown.","breadcrumb":{"@id":"https:\/\/gocsach.azdigi.shop\/?product=beartown-thi-tran-nho-giac-mo-lon#breadcrumb"},"inLanguage":"vi","potentialAction":[{"@type":"ReadAction","target":["https:\/\/gocsach.azdigi.shop\/?product=beartown-thi-tran-nho-giac-mo-lon"]}]},{"@type":"ImageObject","inLanguage":"vi","@id":"https:\/\/gocsach.azdigi.shop\/?product=beartown-thi-tran-nho-giac-mo-lon#primaryimage","url":"https:\/\/gocsach.azdigi.shop\/wp-content\/uploads\/2026\/04\/115-1.webp","contentUrl":"https:\/\/gocsach.azdigi.shop\/wp-content\/uploads\/2026\/04\/115-1.webp","width":600,"height":600},{"@type":"BreadcrumbList","@id":"https:\/\/gocsach.azdigi.shop\/?product=beartown-thi-tran-nho-giac-mo-lon#breadcrumb","itemListElement":[{"@type":"ListItem","position":1,"name":"Trang ch\u1ee7","item":"https:\/\/gocsach.azdigi.shop\/"},{"@type":"ListItem","position":2,"name":"C\u1eeda h\u00e0ng","item":"https:\/\/gocsach.azdigi.shop\/?page_id=146"},{"@type":"ListItem","position":3,"name":"Beartown &#8211; Th\u1ecb Tr\u1ea5n Nh\u1ecf, Gi\u1ea5c M\u01a1 L\u1edbn"}]},{"@type":"WebSite","@id":"https:\/\/gocsach.azdigi.shop\/#website","url":"https:\/\/gocsach.azdigi.shop\/","name":"G\u00f3c s\u00e1ch","description":"","potentialAction":[{"@type":"SearchAction","target":{"@type":"EntryPoint","urlTemplate":"https:\/\/gocsach.azdigi.shop\/?s={search_term_string}"},"query-input":{"@type":"PropertyValueSpecification","valueRequired":true,"valueName":"search_term_string"}}],"inLanguage":"vi"}]}},"_links":{"self":[{"href":"https:\/\/gocsach.azdigi.shop\/index.php?rest_route=\/wp\/v2\/product\/260","targetHints":{"allow":["GET"]}}],"collection":[{"href":"https:\/\/gocsach.azdigi.shop\/index.php?rest_route=\/wp\/v2\/product"}],"about":[{"href":"https:\/\/gocsach.azdigi.shop\/index.php?rest_route=\/wp\/v2\/types\/product"}],"replies":[{"embeddable":true,"href":"https:\/\/gocsach.azdigi.shop\/index.php?rest_route=%2Fwp%2Fv2%2Fcomments&post=260"}],"wp:featuredmedia":[{"embeddable":true,"href":"https:\/\/gocsach.azdigi.shop\/index.php?rest_route=\/wp\/v2\/media\/267"}],"wp:attachment":[{"href":"https:\/\/gocsach.azdigi.shop\/index.php?rest_route=%2Fwp%2Fv2%2Fmedia&parent=260"}],"wp:term":[{"taxonomy":"product_brand","embeddable":true,"href":"https:\/\/gocsach.azdigi.shop\/index.php?rest_route=%2Fwp%2Fv2%2Fproduct_brand&post=260"},{"taxonomy":"product_cat","embeddable":true,"href":"https:\/\/gocsach.azdigi.shop\/index.php?rest_route=%2Fwp%2Fv2%2Fproduct_cat&post=260"},{"taxonomy":"product_tag","embeddable":true,"href":"https:\/\/gocsach.azdigi.shop\/index.php?rest_route=%2Fwp%2Fv2%2Fproduct_tag&post=260"}],"curies":[{"name":"wp","href":"https:\/\/api.w.org\/{rel}","templated":true}]}}